{"id":195,"date":"2020-10-09T16:04:28","date_gmt":"2020-10-09T16:04:28","guid":{"rendered":"http:\/\/formaciondocente.ujed.mx\/bibvirtual\/?page_id=195"},"modified":"2021-11-18T19:00:34","modified_gmt":"2021-11-18T19:00:34","slug":"herramientas","status":"publish","type":"page","link":"http:\/\/formaciondocente.ujed.mx\/bibvirtual\/herramientas\/","title":{"rendered":"Herramientas"},"content":{"rendered":"\n<div class=\"wp-block-group\"><div class=\"wp-block-group__inner-container\">\n<table  class=\" aligncenter table table-hover\"  style=\"height: 2244px; width: 100%;\">\n<tbody>\n<tr style=\"height: 88px;\">\n<td style=\"width: 28.4483%; height: 88px; text-align: left; vertical-align: middle;\">\n<h3><a href=\"https:\/\/www.canva.com\/es_mx\/\" target=\"_blank\" rel=\"noopener noreferrer\">CANVA<\/a><\/h3>\n<\/td>\n<td style=\"width: 70.3448%; height: 88px; text-align: left; vertical-align: middle;\">Crea diferentes dise\u00f1os solo registr\u00e1ndote en la p\u00e1gina.<\/td>\n<\/tr>\n<tr style=\"height: 88px;\">\n<td style=\"width: 28.4483%; height: 88px; text-align: left; vertical-align: middle;\">\n<h3><a href=\"https:\/\/www.freepik.es\/\" target=\"_blank\" rel=\"noopener noreferrer\">FREEPIK<\/a><\/h3>\n<\/td>\n<td style=\"width: 70.3448%; height: 88px; text-align: left; vertical-align: middle;\">Recursos Gr\u00e1ficos encuentra vectores, fotos de Stock, PSD. Banco de im\u00e1genes para tus presentaciones o dise\u00f1os.<\/td>\n<\/tr>\n<tr style=\"height: 88px;\">\n<td style=\"width: 28.4483%; height: 88px; text-align: left; vertical-align: middle;\">\n<h3><a href=\"https:\/\/drawio-app.com\/\" target=\"_blank\" rel=\"noopener noreferrer\">DRAW.IO<\/a><\/h3>\n<\/td>\n<td style=\"width: 70.3448%; height: 88px; text-align: left; vertical-align: middle;\">Podr\u00e1s Crear mapas mentales, diagramas y diagramas de flujo potentes, seguros y f\u00e1ciles de usar.<\/td>\n<\/tr>\n<tr style=\"height: 123px;\">\n<td style=\"width: 28.4483%; height: 123px; text-align: left; vertical-align: middle;\">\n<h3><a href=\"https:\/\/www.citethisforme.com\/\" target=\"_blank\" rel=\"noopener noreferrer\">CITE THIS FOR ME<\/a><\/h3>\n<\/td>\n<td style=\"width: 70.3448%; height: 123px; text-align: left; vertical-align: middle;\">Generador autom\u00e1tico de bibliograf\u00eda: APA; Harvard, MLA, etc.<\/td>\n<\/tr>\n<tr style=\"height: 88px;\">\n<td style=\"width: 28.4483%; height: 88px; text-align: left; vertical-align: middle;\">\n<h3><a href=\"https:\/\/pixabay.com\/es\/\" target=\"_blank\" rel=\"noopener noreferrer\">PIXABAY<\/a><\/h3>\n<\/td>\n<td style=\"width: 70.3448%; height: 88px; text-align: left; vertical-align: middle;\">Banco de Im\u00e1genes de una muy buena cuenta con m\u00e1s de 1.8 millones de im\u00e1genes y videos.<\/td>\n<\/tr>\n<tr style=\"height: 88px;\">\n<td style=\"width: 28.4483%; height: 88px; text-align: left; vertical-align: middle;\">\n<h3><a href=\"https:\/\/www.plag.es\/\" target=\"_blank\" rel=\"noopener noreferrer\">PLAG.ES<\/a><\/h3>\n<\/td>\n<td style=\"width: 70.3448%; height: 88px; text-align: left; vertical-align: middle;\">Ayuda a detectar los posibles plagios en un documento.<\/td>\n<\/tr>\n<tr style=\"height: 88px;\">\n<td style=\"width: 28.4483%; height: 88px; text-align: left; vertical-align: middle;\">\n<h3><a href=\"https:\/\/www.powtoon.com\/\" target=\"_blank\" rel=\"noopener noreferrer\">POWTOON<\/a><\/h3>\n<\/td>\n<td style=\"width: 70.3448%; height: 88px; text-align: left; vertical-align: middle;\">Una nueva forma de realizar tus presentaciones a trav\u00e9s de videos animados.<\/td>\n<\/tr>\n<tr style=\"height: 88px;\">\n<td style=\"width: 28.4483%; height: 88px; text-align: left; vertical-align: middle;\">\n<h3><a href=\"https:\/\/www.mystilus.com\/\" target=\"_blank\" rel=\"noopener noreferrer\">STILUS<\/a><\/h3>\n<\/td>\n<td style=\"width: 70.3448%; height: 88px; text-align: left; vertical-align: middle;\">Ayuda a corregir la ortograf\u00eda, gram\u00e1tica y el estilo de tu texto.<\/td>\n<\/tr>\n<tr style=\"height: 88px;\">\n<td style=\"width: 28.4483%; height: 88px; text-align: left; vertical-align: middle;\">\n<h3><a href=\"https:\/\/www.ilovepdf.com\/es\" target=\"_blank\" rel=\"noopener noreferrer\">I LOVE PDF<\/a><\/h3>\n<\/td>\n<td style=\"width: 70.3448%; height: 88px; text-align: left; vertical-align: middle;\">Puedes convertir archivos PDF a Word, power point, JPG, ETC. No se necesita instalaci\u00f3n.<\/td>\n<\/tr>\n<tr style=\"height: 88px;\">\n<td style=\"width: 28.4483%; height: 88px; text-align: left; vertical-align: middle;\">\n<h3><a href=\"https:\/\/www.scribbr.es\/\" target=\"_blank\" rel=\"noopener noreferrer\">SCRIBBR<\/a><\/h3>\n<\/td>\n<td style=\"width: 70.3448%; height: 88px; text-align: left; vertical-align: middle;\">Genera tus referencias de manera autom\u00e1tica en formato APA.<\/td>\n<\/tr>\n<tr style=\"height: 88px;\">\n<td style=\"width: 28.4483%; height: 88px; text-align: left; vertical-align: middle;\">\n<h3><a href=\"https:\/\/www.easel.ly\/\" target=\"_blank\" rel=\"noopener noreferrer\">EASELLY<\/a><\/h3>\n<\/td>\n<td style=\"width: 70.3448%; height: 88px; text-align: left; vertical-align: middle;\">Es una plataforma para crear infograf\u00edas de forma sencilla que te permite visualizar cualquier tipo de informaci\u00f3n.<\/td>\n<\/tr>\n<tr style=\"height: 128px;\">\n<td style=\"width: 28.4483%; height: 128px; text-align: left; vertical-align: middle;\">\n<h3><a href=\"https:\/\/piktochart.com\/\" target=\"_blank\" rel=\"noopener noreferrer\">PIKTOCHART<\/a><\/h3>\n<\/td>\n<td style=\"width: 70.3448%; height: 128px; text-align: left; vertical-align: middle;\">Cree f\u00e1cilmente informes, presentaciones, infograf\u00edas, gr\u00e1ficos de redes sociales e impresiones.\u00a0Puede convertir cualquier contenido con mucho texto en una historia visual que se adhiera a la plataforma de dise\u00f1o colaborativo de Piktochart<\/td>\n<\/tr>\n<tr style=\"height: 88px;\">\n<td style=\"width: 28.4483%; height: 88px; text-align: left; vertical-align: middle;\">\n<h3><a href=\"https:\/\/creately.com\/\" target=\"_blank\" rel=\"noopener noreferrer\">CREATELY<\/a><\/h3>\n<\/td>\n<td style=\"width: 70.3448%; height: 88px; text-align: left; vertical-align: middle;\">Tiene miles de plantillas de diagramas dise\u00f1adas profesionalmente y millones de ejemplos de diagramas creados por nuestra comunidad.<\/td>\n<\/tr>\n<tr style=\"height: 88px;\">\n<td style=\"width: 28.4483%; height: 88px; text-align: left; vertical-align: middle;\">\n<h3><a href=\"https:\/\/infogram.com\/\" target=\"_blank\" rel=\"noopener noreferrer\">INFOGRAM<\/a><\/h3>\n<\/td>\n<td style=\"width: 70.3448%; height: 88px; text-align: left; vertical-align: middle;\">Es una herramienta de visualizaci\u00f3n intuitiva que permite a las personas y los equipos crear contenidos atractivos.<\/td>\n<\/tr>\n<tr style=\"height: 88px;\">\n<td style=\"width: 28.4483%; height: 88px; text-align: left; vertical-align: middle;\">\n<h3><a href=\"https:\/\/www.befunky.com\/es\/\" target=\"_blank\" rel=\"noopener noreferrer\">BEFUNKY<\/a><\/h3>\n<\/td>\n<td style=\"width: 70.3448%; height: 88px; text-align: left; vertical-align: middle;\">Tiene todo lo que necesita para f\u00e1cilmente editar fotos, crear dise\u00f1os gr\u00e1ficos y hacer collages de fotos.<\/td>\n<\/tr>\n<tr style=\"height: 88px;\">\n<td style=\"width: 28.4483%; height: 88px; text-align: left; vertical-align: middle;\">\n<h3><a href=\"https:\/\/docentecurador.com\/wakelet-herramienta-para-curar-contenidos-educativos-digitales\/\" target=\"_blank\" rel=\"noopener noreferrer\">WAKELET<\/a><\/h3>\n<\/td>\n<td style=\"width: 70.3448%; height: 88px; text-align: left; vertical-align: middle;\">Nueva herramienta para curar contenidos educativos digitales.<\/td>\n<\/tr>\n<tr style=\"height: 88px;\">\n<td style=\"width: 28.4483%; height: 88px; text-align: left; vertical-align: middle;\">\n<h3><a href=\"https:\/\/es.padlet.com\/\" target=\"_blank\" rel=\"noopener noreferrer\">PADLET<\/a><\/h3>\n<\/td>\n<td style=\"width: 70.3448%; height: 88px; text-align: left; vertical-align: middle;\">Funciona como una pizarra colaborativa virtual en la que profesor y alumnos pueden trabajar al mismo tiempo, dentro de un mismo entorno.<\/td>\n<\/tr>\n<tr style=\"height: 107px;\">\n<td style=\"width: 28.4483%; height: 107px; text-align: left; vertical-align: middle;\">\n<h3><a href=\"https:\/\/www.pearltrees.com\/\" target=\"_blank\" rel=\"noopener noreferrer\">PEARLTREES<\/a><\/h3>\n<\/td>\n<td style=\"width: 70.3448%; height: 107px; text-align: left; vertical-align: middle;\">Es\u00a0una original herramienta 2.0 gratuita\u00a0que, a modo de red social, nos permite organizar informaci\u00f3n y estructurarla en\u00a0&#8220;\u00e1rboles de perlas&#8221;, en donde cada &#8220;perla&#8221; es un recurso (imagen, sitio web, nota&#8230;).<\/td>\n<\/tr>\n<tr style=\"height: 88px;\">\n<td style=\"width: 28.4483%; height: 88px; text-align: left; vertical-align: middle;\">\n<h3><a href=\"https:\/\/www.symbaloo.com\/\" target=\"_blank\" rel=\"noopener noreferrer\">SYMBALOO<\/a><\/h3>\n<\/td>\n<td style=\"width: 70.3448%; height: 88px; text-align: left; vertical-align: middle;\">Puedes insertar tus recursos online en tu propio blog o p\u00e1gina web.<\/td>\n<\/tr>\n<tr style=\"height: 88px;\">\n<td style=\"width: 28.4483%; height: 88px; text-align: left; vertical-align: middle;\">\n<h3><a href=\"https:\/\/www.diigo.com\/\" target=\"_blank\" rel=\"noopener noreferrer\">DIIGO<\/a><\/h3>\n<\/td>\n<td style=\"width: 70.3448%; height: 88px; text-align: left; vertical-align: middle;\">Es un es un servicio de la web 2.0 que nos permite guardar online todas las direcciones de nuestros sitios favoritos mediante un sistema de etiquetas.<\/td>\n<\/tr>\n<tr style=\"height: 107px;\">\n<td style=\"width: 28.4483%; height: 107px; text-align: left; vertical-align: middle;\">\n<h3><a href=\"https:\/\/evernote.com\/intl\/es\/\" target=\"_blank\" rel=\"noopener noreferrer\">EVERNOTE<\/a><\/h3>\n<\/td>\n<td style=\"width: 70.3448%; height: 107px; text-align: left; vertical-align: middle;\">Toma notas desde cualquier lugar. Encuentra la informaci\u00f3n r\u00e1pidamente. Comparte ideas con quien quieras. Notas de reuniones, p\u00e1ginas web, proyectos y listas de tareas, con Evernote no perder\u00e1s nada.<\/td>\n<\/tr>\n<tr style=\"height: 88px;\">\n<td style=\"width: 28.4483%; height: 88px; text-align: left; vertical-align: middle;\">\n<h3><a href=\"https:\/\/www.clipix.com\/es\/\" target=\"_blank\" rel=\"noopener noreferrer\">CLIPIX<\/a><\/h3>\n<\/td>\n<td style=\"width: 70.3448%; height: 88px; text-align: left; vertical-align: middle;\">Guarda y organiza todo lo que te importa. Mantenlo privado o comp\u00e1rtelo.<\/td>\n<\/tr>\n<tr style=\"height: 88px;\">\n<td style=\"width: 28.4483%; height: 88px; text-align: left; vertical-align: middle;\">\n<h3><a href=\"https:\/\/www.startme.com\/education\" target=\"_blank\" rel=\"noopener noreferrer\">STARTME<\/a><\/h3>\n<\/td>\n<td style=\"width: 70.3448%; height: 88px; text-align: left; vertical-align: middle;\">Gestor de marcadores en l\u00ednea con el que organiza todos los enlaces favoritos y usarlos en cualquier sitio; es gratuito para uso personal.<\/td>\n<\/tr>\n<tr style=\"height: 107px;\">\n<td style=\"width: 28.4483%; height: 107px; text-align: left; vertical-align: middle;\">\n<h3><a href=\"https:\/\/www.netvibes.com\/signin\" target=\"_blank\" rel=\"noopener noreferrer\">NETVIBES<\/a><\/h3>\n<\/td>\n<td style=\"width: 70.3448%; height: 107px; text-align: left; vertical-align: middle;\">Facilita un escritorio virtual personalizado con los recursos, enlaces y widgets de aplicaciones o fuentes de informaci\u00f3n que se utilizan, organizados en ventanas y pesta\u00f1as, etc.; es gratuito para un uso b\u00e1sico personal.<\/td>\n<\/tr>\n<\/tbody>\n<\/table>\n\n\n\n<p><\/p>\n<\/div><\/div>\n\n\n\n<p><\/p>\n","protected":false},"excerpt":{"rendered":"","protected":false},"author":1,"featured_media":0,"parent":0,"menu_order":0,"comment_status":"closed","ping_status":"closed","template":"","meta":[],"_links":{"self":[{"href":"http:\/\/formaciondocente.ujed.mx\/bibvirtual\/wp-json\/wp\/v2\/pages\/195"}],"collection":[{"href":"http:\/\/formaciondocente.ujed.mx\/bibvirtual\/wp-json\/wp\/v2\/pages"}],"about":[{"href":"http:\/\/formaciondocente.ujed.mx\/bibvirtual\/wp-json\/wp\/v2\/types\/page"}],"author":[{"embeddable":true,"href":"http:\/\/formaciondocente.ujed.mx\/bibvirtual\/wp-json\/wp\/v2\/users\/1"}],"replies":[{"embeddable":true,"href":"http:\/\/formaciondocente.ujed.mx\/bibvirtual\/wp-json\/wp\/v2\/comments?post=195"}],"version-history":[{"count":13,"href":"http:\/\/formaciondocente.ujed.mx\/bibvirtual\/wp-json\/wp\/v2\/pages\/195\/revisions"}],"predecessor-version":[{"id":281,"href":"http:\/\/formaciondocente.ujed.mx\/bibvirtual\/wp-json\/wp\/v2\/pages\/195\/revisions\/281"}],"wp:attachment":[{"href":"http:\/\/formaciondocente.ujed.mx\/bibvirtual\/wp-json\/wp\/v2\/media?parent=195"}],"curies":[{"name":"wp","href":"https:\/\/api.w.org\/{rel}","templated":true}]}}